{"id":180,"date":"2019-10-02T10:46:13","date_gmt":"2019-10-02T10:46:13","guid":{"rendered":"http:\/\/www.genspeed-biotech.com\/?page_id=180"},"modified":"2024-03-25T13:27:06","modified_gmt":"2024-03-25T13:27:06","slug":"produkte","status":"publish","type":"page","link":"https:\/\/www.genspeed-biotech.com\/?page_id=180","title":{"rendered":"Produkte"},"content":{"rendered":"\t\t<div data-elementor-type=\"wp-page\" data-elementor-id=\"180\" class=\"elementor elementor-180\" data-elementor-post-type=\"page\">\n\t\t\t\t\t\t<section class=\"elementor-section elementor-top-section elementor-element elementor-element-80ba288 elementor-section-boxed elementor-section-height-default elementor-section-height-default\" data-id=\"80ba288\" data-element_type=\"section\" data-e-type=\"section\">\n\t\t\t\t\t\t<div class=\"elementor-container elementor-column-gap-default\">\n\t\t\t\t\t<div class=\"elementor-column elementor-col-100 elementor-top-column elementor-element elementor-element-ed427dd\" data-id=\"ed427dd\" data-element_type=\"column\" data-e-type=\"column\">\n\t\t\t<div class=\"elementor-widget-wrap elementor-element-populated\">\n\t\t\t\t\t\t<div class=\"elementor-element elementor-element-ae7f698 elementor-widget elementor-widget-text-editor\" data-id=\"ae7f698\" data-element_type=\"widget\" data-e-type=\"widget\" data-widget_type=\"text-editor.default\">\n\t\t\t\t<div class=\"elementor-widget-container\">\n\t\t\t\t\t\t\t\t\t<p><strong class=\"genspeed\">GENSPEED<sup>\u00ae<\/sup><\/strong>\u00a0bringt die Diagnostik dorthin, wo sie dem Patienten durch schnelle, verl\u00e4ssliche und genaue Ergebnisse gr\u00f6\u00dftm\u00f6glichen Nutzen bringen kann.<\/p><p>Unser IVD-CE zertifiziertes Produktportfolio umfasst folgende Testkits:<\/p>\t\t\t\t\t\t\t\t<\/div>\n\t\t\t\t<\/div>\n\t\t\t\t\t<\/div>\n\t\t<\/div>\n\t\t\t\t\t<\/div>\n\t\t<\/section>\n\t\t\t\t<section class=\"elementor-section elementor-top-section elementor-element elementor-element-ad0f815 elementor-section-boxed elementor-section-height-default elementor-section-height-default\" data-id=\"ad0f815\" data-element_type=\"section\" data-e-type=\"section\">\n\t\t\t\t\t\t<div class=\"elementor-container elementor-column-gap-default\">\n\t\t\t\t\t<div class=\"elementor-column elementor-col-16 elementor-top-column elementor-element elementor-element-f20d9aa\" data-id=\"f20d9aa\" data-element_type=\"column\" data-e-type=\"column\">\n\t\t\t<div class=\"elementor-widget-wrap\">\n\t\t\t\t\t\t\t<\/div>\n\t\t<\/div>\n\t\t\t\t<div class=\"elementor-column elementor-col-66 elementor-top-column elementor-element elementor-element-d04ba3a\" data-id=\"d04ba3a\" data-element_type=\"column\" data-e-type=\"column\">\n\t\t\t<div class=\"elementor-widget-wrap elementor-element-populated\">\n\t\t\t\t\t\t<div class=\"elementor-element elementor-element-df9aeef elementor-widget elementor-widget-video\" data-id=\"df9aeef\" data-element_type=\"widget\" data-e-type=\"widget\" data-settings=\"{&quot;video_type&quot;:&quot;hosted&quot;,&quot;autoplay&quot;:&quot;yes&quot;,&quot;mute&quot;:&quot;yes&quot;,&quot;loop&quot;:&quot;yes&quot;,&quot;controls&quot;:&quot;yes&quot;}\" data-widget_type=\"video.default\">\n\t\t\t\t<div class=\"elementor-widget-container\">\n\t\t\t\t\t\t\t<div class=\"e-hosted-video elementor-wrapper elementor-open-inline\">\n\t\t\t\t\t<video class=\"elementor-video\" src=\"https:\/\/www.genspeed-biotech.com\/wp-content\/uploads\/2024\/03\/Genspeed_Variante_Chip_Inhalte-bearbeitet.mp4\" autoplay=\"\" loop=\"\" controls=\"\" muted=\"muted\" controlsList=\"nodownload\"><\/video>\n\t\t\t\t<\/div>\n\t\t\t\t\t\t<\/div>\n\t\t\t\t<\/div>\n\t\t\t\t\t<\/div>\n\t\t<\/div>\n\t\t\t\t<div class=\"elementor-column elementor-col-16 elementor-top-column elementor-element elementor-element-acd07ac\" data-id=\"acd07ac\" data-element_type=\"column\" data-e-type=\"column\">\n\t\t\t<div class=\"elementor-widget-wrap\">\n\t\t\t\t\t\t\t<\/div>\n\t\t<\/div>\n\t\t\t\t\t<\/div>\n\t\t<\/section>\n\t\t\t\t<section class=\"elementor-section elementor-top-section elementor-element elementor-element-607998a elementor-section-boxed elementor-section-height-default elementor-section-height-default\" data-id=\"607998a\" data-element_type=\"section\" data-e-type=\"section\">\n\t\t\t\t\t\t<div class=\"elementor-container elementor-column-gap-default\">\n\t\t\t\t\t<div class=\"elementor-column elementor-col-50 elementor-top-column elementor-element elementor-element-58459c4\" data-id=\"58459c4\" data-element_type=\"column\" data-e-type=\"column\">\n\t\t\t<div class=\"elementor-widget-wrap elementor-element-populated\">\n\t\t\t\t\t\t<div class=\"elementor-element elementor-element-e2314fd elementor-widget elementor-widget-text-editor\" data-id=\"e2314fd\" data-element_type=\"widget\" data-e-type=\"widget\" data-widget_type=\"text-editor.default\">\n\t\t\t\t<div class=\"elementor-widget-container\">\n\t\t\t\t\t\t\t\t\t<h2>Immuno Assays<\/h2>\n<p>Nachweis von diversen Biomarkern wie z.B. Antik\u00f6rpern \/ Antigenen (Virus) \/ speziellen Biomarker-Proteinen<\/p>\n<p>Die <strong>GENSPEED\u00ae Immuno-Assay-Produktlinie<\/strong> erm\u00f6glicht niedergelassenen \u00c4rzten oder Apotheken einen schnellen und kosteng\u00fcnstigen Nachweis von verschiedenen Biomarkern.&nbsp;<\/p><p><br><\/p>\n<p><\/p>\t\t\t\t\t\t\t\t<\/div>\n\t\t\t\t<\/div>\n\t\t\t\t\t<\/div>\n\t\t<\/div>\n\t\t\t\t<div class=\"elementor-column elementor-col-50 elementor-top-column elementor-element elementor-element-692833c\" data-id=\"692833c\" data-element_type=\"column\" data-e-type=\"column\">\n\t\t\t<div class=\"elementor-widget-wrap elementor-element-populated\">\n\t\t\t\t\t\t<div class=\"elementor-element elementor-element-8b06aa1 elementor-widget elementor-widget-text-editor\" data-id=\"8b06aa1\" data-element_type=\"widget\" data-e-type=\"widget\" data-widget_type=\"text-editor.default\">\n\t\t\t\t<div class=\"elementor-widget-container\">\n\t\t\t\t\t\t\t\t\t<h2>Dentalbereich<\/h2><p>PerioPOC<strong class=\"genspeed\"><sup>\u00ae<\/sup><\/strong> Pro\u00a0stellt dem Zahnarzt ein Tool zur schnellen Diagnose und Therapieentscheidung in der Behandlung von Parodontitis zur Verf\u00fcgung.<\/p><p><a href=\"https:\/\/www.periopoc.com\/\" target=\"_blank\" rel=\"noopener\">PerioPOC<strong class=\"genspeed\"><sup>\u00ae<\/sup><\/strong><\/a><\/p>\t\t\t\t\t\t\t\t<\/div>\n\t\t\t\t<\/div>\n\t\t\t\t\t<\/div>\n\t\t<\/div>\n\t\t\t\t\t<\/div>\n\t\t<\/section>\n\t\t\t\t<\/div>\n\t\t","protected":false},"excerpt":{"rendered":"<p>GENSPEED\u00ae\u00a0bringt die Diagnostik dorthin, wo sie dem Patienten durch schnelle, verl\u00e4ssliche und genaue Ergebnisse gr\u00f6\u00dftm\u00f6glichen Nutzen bringen kann. Unser IVD-CE zertifiziertes Produktportfolio umfasst folgende Testkits: https:\/\/www.genspeed-biotech.com\/wp-content\/uploads\/2024\/03\/Genspeed_Variante_Chip_Inhalte-bearbeitet.mp4 Immuno Assays Nachweis von diversen Biomarkern wie z.B. Antik\u00f6rpern \/ Antigenen (Virus) \/ speziellen Biomarker-Proteinen Die GENSPEED\u00ae Immuno-Assay-Produktlinie erm\u00f6glicht niedergelassenen \u00c4rzten oder Apotheken einen schnellen und kosteng\u00fcnstigen Nachweis von &hellip; <\/p>\n<p class=\"link-more\"><a href=\"https:\/\/www.genspeed-biotech.com\/?page_id=180\" class=\"more-link\"><span class=\"screen-reader-text\">\u201eProdukte\u201c<\/span> weiterlesen<\/a><\/p>\n","protected":false},"author":3,"featured_media":0,"parent":0,"menu_order":0,"comment_status":"closed","ping_status":"closed","template":"","meta":{"footnotes":""},"class_list":["post-180","page","type-page","status-publish","hentry"],"_links":{"self":[{"href":"https:\/\/www.genspeed-biotech.com\/index.php?rest_route=\/wp\/v2\/pages\/180","targetHints":{"allow":["GET"]}}],"collection":[{"href":"https:\/\/www.genspeed-biotech.com\/index.php?rest_route=\/wp\/v2\/pages"}],"about":[{"href":"https:\/\/www.genspeed-biotech.com\/index.php?rest_route=\/wp\/v2\/types\/page"}],"author":[{"embeddable":true,"href":"https:\/\/www.genspeed-biotech.com\/index.php?rest_route=\/wp\/v2\/users\/3"}],"replies":[{"embeddable":true,"href":"https:\/\/www.genspeed-biotech.com\/index.php?rest_route=%2Fwp%2Fv2%2Fcomments&post=180"}],"version-history":[{"count":37,"href":"https:\/\/www.genspeed-biotech.com\/index.php?rest_route=\/wp\/v2\/pages\/180\/revisions"}],"predecessor-version":[{"id":3587,"href":"https:\/\/www.genspeed-biotech.com\/index.php?rest_route=\/wp\/v2\/pages\/180\/revisions\/3587"}],"wp:attachment":[{"href":"https:\/\/www.genspeed-biotech.com\/index.php?rest_route=%2Fwp%2Fv2%2Fmedia&parent=180"}],"curies":[{"name":"wp","href":"https:\/\/api.w.org\/{rel}","templated":true}]}}